{"id":23834,"date":"2025-04-14T10:41:47","date_gmt":"2025-04-14T13:41:47","guid":{"rendered":"https:\/\/psicologiaintegrativa.com.ar\/campus\/?post_type=product&#038;p=23834"},"modified":"2025-04-14T11:16:17","modified_gmt":"2025-04-14T14:16:17","slug":"guia-mas-alla-de-la-palabra","status":"publish","type":"product","link":"https:\/\/psicologiaintegrativa.com.ar\/campus\/producto\/guia-mas-alla-de-la-palabra\/","title":{"rendered":"Gu\u00eda &#8220;Mas All\u00e1 de la Palabra&#8221;"},"content":{"rendered":"<p><strong>\u201cM\u00e1s all\u00e1 de la palabra\u201d<\/strong> es una gu\u00eda en PDF creada para acompa\u00f1ar a profesionales de la salud mental en sus espacios de consulta. Est\u00e1 especialmente pensada para quienes est\u00e1n por recibirse, quienes inician su pr\u00e1ctica cl\u00ednica o aquellos que, por su orientaci\u00f3n profesional, sienten que necesitan m\u00e1s recursos concretos para intervenir en sesi\u00f3n.<\/p>\n<p>En psicoterapia, la palabra es fundamental, pero su verdadero impacto ocurre cuando los aprendizajes se integran en la vida cotidiana. Por esa raz\u00f3n esta gu\u00eda brinda propuestas claras, ejercicios aplicables y herramientas listas para acompa\u00f1ar los procesos emocionales de manera activa, estructurada y profesional.<\/p>\n<p>Se abordan las problem\u00e1ticas m\u00e1s frecuentes en el espacio terap\u00e9utico:<\/p>\n<ul>\n<li>Ansiedad (general, social, de separaci\u00f3n).<\/li>\n<li>Obsesiones y compulsiones.<\/li>\n<li>Autoexigencia y perfeccionismo.<\/li>\n<li>Enojo y regulaci\u00f3n emocional.<\/li>\n<li>Duelo y procesos de p\u00e9rdida.<\/li>\n<li>Depresi\u00f3n y activaci\u00f3n conductual.<\/li>\n<li>Sentido y prop\u00f3sito de vida.<\/li>\n<li>Procrastinaci\u00f3n y enfoque atencional.<\/li>\n<\/ul>\n<p>Adem\u00e1s esta gu\u00eda de 89 p\u00e1ginas ofrece al profesional protocolos listos para imprimir y compartir directamente con sus pacientes. De este modo, se facilita el trabajo terap\u00e9utico dentro y fuera de sesi\u00f3n, promoviendo la continuidad del proceso, el compromiso activo del consultante y el fortalecimiento de los aprendizajes a trav\u00e9s de la pr\u00e1ctica concreta.<\/p>\n","protected":false},"excerpt":{"rendered":"<p class=\"\" data-start=\"113\" data-end=\"382\"><strong data-start=\"113\" data-end=\"173\">Manual digital con ejercicios pr\u00e1cticos para terapeutas.<\/strong> Herramientas visuales y concretas para acompa\u00f1ar a tus pacientes desde una mirada activa e integradora.\u00a0Un recurso profesional para psic\u00f3logos y terapeutas que buscan nuevas formas de acompa\u00f1ar procesos emocionales a trav\u00e9s de im\u00e1genes, conceptos y ejercicios aplicables.<\/p>\n<div id=\"ls-16cc1d74-041e-40bc-a8f5-95b8c90da5fa\" class=\"ls-group-host ls-group-host-ls-16cc1d74-041e-40bc-a8f5-95b8c90da5fa\">\n<div class=\"ls-group ls-group-ls-16cc1d74-041e-40bc-a8f5-95b8c90da5fa\" data-children=\"\">\n<div id=\"ls-460b59cf-1c71-4577-ae84-86e3d2582787\" class=\"ls-button-host ls-button-host-ls-460b59cf-1c71-4577-ae84-86e3d2582787\"><\/div>\n<\/div>\n<\/div>\n","protected":false},"featured_media":23836,"comment_status":"closed","ping_status":"closed","template":"","meta":[],"product_brand":[],"product_cat":[49],"product_tag":[],"class_list":{"0":"post-23834","1":"product","2":"type-product","3":"status-publish","4":"has-post-thumbnail","6":"product_cat-pdf","8":"first","9":"instock","10":"downloadable","11":"virtual","12":"purchasable","13":"product-type-simple"},"_links":{"self":[{"href":"https:\/\/psicologiaintegrativa.com.ar\/campus\/wp-json\/wp\/v2\/product\/23834","targetHints":{"allow":["GET"]}}],"collection":[{"href":"https:\/\/psicologiaintegrativa.com.ar\/campus\/wp-json\/wp\/v2\/product"}],"about":[{"href":"https:\/\/psicologiaintegrativa.com.ar\/campus\/wp-json\/wp\/v2\/types\/product"}],"replies":[{"embeddable":true,"href":"https:\/\/psicologiaintegrativa.com.ar\/campus\/wp-json\/wp\/v2\/comments?post=23834"}],"wp:featuredmedia":[{"embeddable":true,"href":"https:\/\/psicologiaintegrativa.com.ar\/campus\/wp-json\/wp\/v2\/media\/23836"}],"wp:attachment":[{"href":"https:\/\/psicologiaintegrativa.com.ar\/campus\/wp-json\/wp\/v2\/media?parent=23834"}],"wp:term":[{"taxonomy":"product_brand","embeddable":true,"href":"https:\/\/psicologiaintegrativa.com.ar\/campus\/wp-json\/wp\/v2\/product_brand?post=23834"},{"taxonomy":"product_cat","embeddable":true,"href":"https:\/\/psicologiaintegrativa.com.ar\/campus\/wp-json\/wp\/v2\/product_cat?post=23834"},{"taxonomy":"product_tag","embeddable":true,"href":"https:\/\/psicologiaintegrativa.com.ar\/campus\/wp-json\/wp\/v2\/product_tag?post=23834"}],"curies":[{"name":"wp","href":"https:\/\/api.w.org\/{rel}","templated":true}]}}